. Let n(r) = r**3 + 2*r**2 + r - 1. Determine n(k).
-3
Suppose 0 - 12 = -2*c. Let m(y) = -3*y - 7. Let b(q) = 9*q + 20. Let x(f) = c*b(f) + 17*m(f). Calculate x(-1).
-2
Let l(w) be the second derivative of w**5/20 + w**4/6 - w**3/3 + 2*w**2 - 13*w. Give l(-3).
1
Let n = 2 - 8. Let b(l) = l**3 + 8*l - 3 - 3*l + 7*l**2 - 6 + 1. What is b(n)?
-2
Suppose -5*u - 10 = k, -5*k - 2*u = -u + 2. Let t(d) = -d**2 - d - 3. Determine t(k).
-3
Let g be 2 + (0 - 1) + 2. Suppose -n - g*n = -4. Let h(t) = -4*t**3 - 2*t + 1. Calculate h(n).
-5
Let z(p) = -3*p - 14. Let x(o) = -o - 5. Let m(b) = -8*x(b) + 3*z(b). Let k be m(-3). Let r(i) = i**2 - i - 1. Determine r(k).
-1
Let k(p) = -p**2 - 7*p - 9. Let j be k(-6). Let t(u) = u**3 + u**2 - u - 1. Let o(a) = 3*a**3 + 2*a**2 - a - 8. Let y(q) = o(q) - 4*t(q). Give y(j).
-4
Let r(p) = -24*p + 9*p + 14*p + p**2. Let h(u) = u - 3. Let d be h(3). What is r(d)?
0
Let b(a) = 0*a + 4 + 0*a + a. Let g(p) be the second derivative of p**3/6 - p**2/2 + 2*p. Let o(t) = -b(t) - g(t). Calculate o(-3).
3
Let b(x) = -x**3 + 6*x**2 + 5. Let w(q) = -2*q**2 - 2. Let v(t) = 3*b(t) + 8*w(t). Suppose 0*n = 2*n, -2*n = -k + 1. Calculate v(k).
-2
Let q(f) = -2*f - 12. Let y be -4 + ((-4)/22 - (-64)/(-11)). Calculate q(y).
8
Let g(t) = t. Let p(s) = 5*s**2 - 2*s + 1. Let c(w) = 3*g(w) + p(w). Let d(k) be the first derivative of c(k). Give d(-1).
-9
Let u be (-21)/12 + 2/(-8). Let a(p) = -p + 1. Let l(m) = m**2 - 9*m + 4. Let c be l(9). Let x(r) = -7*r + 3. Let f(q) = c*a(q) - x(q). Calculate f(u).
-5
Let q(k) = -1 - 7 - k + 3*k**2 - 2*k**2. Suppose 0*v = -7*v - 0*v. Calculate q(v).
-8
Let v be ((-12)/(-10))/(2/10). Suppose -v*c - 10 = -c. Let u(g) = -g**2 - 6*g - 3. What is u(c)?
5
Let q(g) = -29 + 2 - 3*g + 20. Give q(-3).
2
Let d(f) = -1. Let w(h) = h + 2. Let r(p) = -5*d(p) - w(p). Calculate r(-3).
6
Let d(m) = m**3 - 3*m**2 - 1. Let j(v) = v**2 + 16*v + 41. Let b be j(-13). Determine d(b).
-5
Let a(v) = -5*v**2 - 6*v + 6. Let z(x) = -2*x**2 - 3*x + 3. Let i(h) = 3*a(h) - 7*z(h). Let q = 3 - 1. Determine i(q).
-1
Suppose 5*z - 2*z = 6. Suppose 3*r = r - 5*d + 29, 0 = -r + z*d - 8. Let n(b) = 2 - 2 + b + r. Give n(-6).
-4
Suppose 0 = -0*y - 5*y. Suppose -4*c + 6*r = r - 10, 4*c + r + 2 = y. Let l(b) = -b - 9. Give l(c).
-9
Let q(t) = -t**2 - 7*t - 6. Let i(p) = -p**2 - 3*p - 2. Let l be i(-4). Give q(l).
0
Let o(a) = 395*a**2 - 2*a**3 - 1 - 5*a + a**3 - 389*a**2. What is o(4)?
11
Let t(b) = 5*b + 1. Let r be t(4). Let y be 6/r - (-16)/(-7). Let l(c) = c**2 - 2. What is l(y)?
2
Let v(x) = -x**2 - 15. Let m be v(0). Let w = m - -14. Let b(q) be the first derivative of 5*q**4/2 + q**3/3 + q**2/2 + 1. Give b(w).
-10
Suppose 2 = -w + 1. Let g = -1 + w. Let o(q) be the first derivative of -5*q**2/2 - 3*q + 5. Determine o(g).
7
Suppose -4 = 3*i - 13. Let m(x) = x**2 + 3*x - 1. Calculate m(i).
17
Let v(t) = -t - 8. Suppose -15 = 4*j + 9. What is v(j)?
-2
Let w(m) = m**2 - 5*m + 3. Let u be w(3). Let b(s) be the third derivative of -s**5/60 - s**4/12 + s**3/6 + s**2 + 17*s. Give b(u).
-2
Let a be (-2)/2 - (6 + -3). Let k(b) = 2*b**2 + 5*b - 4. What is k(a)?
8
Let o(c) = c**2 + c - 11. Let d(z) = -3*z**2 - 4*z + 33. Let q = 11 - 9. Let i(r) = q*d(r) + 7*o(r). Give i(0).
-11
Let s(a) be the first derivative of 1/2*a**2 - 1 + 14*a. Give s(-8).
6
Let n(l) be the first derivative of l**3/3 + 3*l**2 - 5*l - 18. Determine n(-6).
-5
Suppose 0*m - 4*m = -24. Let z(q) be the third derivative of q**4/12 - 3*q**3/2 - 2*q**2. Determine z(m).
3
Let w(g) = -g**2 + 7*g + 1. Let q(m) = -2*m - 11. Let o be q(-9). Give w(o).
1
Let z(a) = -4*a + 3. Let h(s) = s**2 + 11*s - 14. Let y be h(-12). Let g = y + 4. Determine z(g).
-5
Let u(m) = -5*m. Suppose 3*c + 2 = -1. Let g(p) be the third derivative of -p**4/24 - p**2. Let d be g(c). Give u(d).
-5
Suppose -30 = 12*b - 7*b. Let s(d) = -8*d + 10. Let k(l) = l - 1. Let t(h) = b*k(h) - s(h). Determine t(6).
8
Let u(j) = -j**2 + 5*j + 1. Let v(m) = -m**2 + 6*m + 1. Let i(b) = 3*u(b) - 2*v(b). What is i(3)?
1
Let x(l) be the first derivative of l**4/2 + l**3/3 - l**2/2 - l - 1. Let n(v) be the first derivative of x(v). Let m be 0 - -3 - (-1)/(1/(-2)). Determine n(m).
7
Suppose -2*j + 3 = y, 3*j - 1 = 4*y - 13. Let z(k) = -k + 10. Determine z(j).
10
Let v(o) = -o**3 + 2*o**2 + 2. Let z be v(2). Let i(l) be the first derivative of -l**4/4 + 4*l**3/3 - l**2 - 2*l - 4. Determine i(z).
2
Let a(d) = -2*d**3 - 7*d**2 + 5*d - 9. Let n(s) = -3*s**3 - 14*s**2 + 9*s - 18. Let k(q) = 5*a(q) - 3*n(q). Calculate k(7).
-5
Let x = 3 - 3. Let c(n) = x*n + 3*n - 1 - 7 - 2*n. What is c(5)?
-3
Let x(b) = b**2 + 7*b + 6. Suppose -5*w + 20 = -w. Suppose -1 = -i - w. Give x(i).
-6
Let g(i) be the third derivative of -i**4/24 + 7*i**3/6 - i**2. Let r(k) = 0*k - 3*k + k + 0 + 1. Let t be r(-2). What is g(t)?
2
Let s(m) be the first derivative of -m**4/4 - m**3/3 + m - 1. Let v(c) = 2*c - 13. Let d be v(7). What is s(d)?
-1
Suppose -12 = -2*x - 4*q + 2, 0 = 4*x - 2*q - 28. Let o(d) be the first derivative of d**3/3 - 7*d**2/2 + 7*d - 2. What is o(x)?
7
Let l be 9 - (1 - -1) - 1. Suppose -l*p - 2 = -7*p. Let x(a) = -2*a**3 - a**3 - 2*a**2 + 1 + 2*a**3 + 3*a**p + 2*a. What is x(-1)?
1
Suppose 3*u = -0*x - 3*x + 15, 0 = 3*x - 2*u - 10. Let h = -1 + x. Let k(q) = -q**3 + 2*q**2 + 3*q - 2. Calculate k(h).
-2
Let k(j) = -j**2 + 7*j - 4. Let n be (9/(-6) + 3)*10/3. Give k(n).
6
Let x(j) be the third derivative of j**6/720 - j**5/120 + j**4/24 + 3*j**2. Let g(w) be the second derivative of x(w). Give g(1).
0
Let y(u) = u**3 - 3*u - 10. Let t(p) = -p**3 - p**2 + 4*p + 11. Let b(f) = 5*t(f) + 6*y(f). Determine b(5).
5
Let h(w) = -w + 5. Let k = 93 - 85. What is h(k)?
-3
Let w(a) = -2*a**3 + 2*a**2 + 2*a - 2. Let b be 2/(-6) - (-26)/6. Suppose -b*y + 5*j = -17 - 1, -4*y + 4 = 2*j. What is w(y)?
-6
Let t be 85/272*(2 - 28/15). Let k(b) be the third derivative of 2*b**2 - 1/120*b**6 + 1/60*b**5 + 0*b - t*b**4 + 0 + 1/6*b**3. What is k(1)?
0
Let i(c) = 3*c**3 + 3*c**2 + 4*c - 8. Let y(b) = -7 + 2*b**2 + 2*b**3 + 3*b - 8*b**2 + 8*b**2. Let j(t) = 3*i(t) - 4*y(t). What is j(-3)?
-14
Let a(o) be the second derivative of -o**4/8 + o**3/6 + o**2/2 + 2*o. Let c(d) be the first derivative of a(d). Determine c(1).
-2
Let t(c) be the third derivative of -c**4/12 - c**3/2 + 8*c**2. Calculate t(-5).
7
Let s = 8 + -6. Let f = -3 + s. Let i(k) be the third derivative of -k**4/3 - k**3/6 + k**2. Give i(f).
7
Suppose 5*v - 12 = v. Suppose -u - v*u = 8, 3*u + 12 = -3*g. Let a be (1/g)/(5/30). Let k(x) = -x**2 - 2*x - 4. Calculate k(a).
-7
Let u be (-3)/(-6)*8/2. Let t(r) = -3*r**3 + 23*r**2 - 26*r. Let d(i) = i**3 - 8*i**2 + 9*i. Let f(z) = -17*d(z) - 6*t(z). Calculate f(u).
6
Let t(s) = s**2 + 3*s. Let h(f) = -4*f - 12. Let l be h(-13). Let k be ((-4)/10)/(4/l). Calculate t(k).
4
Let z(r) = -3*r**2 + 3*r**2 - 3*r - 6 - r**2 + 2*r**2. Let m be z(5). Let c(k) = k**2 - 7*k + 3. What is c(m)?
-9
Let o(a) = a**2 - 1. Suppose 3*v - l + 7 = 0, 0 = -2*v - l - 2 + 4. Calculate o(v).
0
Let v(w) = -w + 9*w - 4*w - w**3 - 8*w + 5 - 6*w**2. Give v(-5).
0
Let b(n) = -2*n**2 + 7*n - 1. Let p(f) = f**2 - 6*f + 1. Let y(u) = -4*b(u) - 5*p(u). Give y(1).
4
Suppose 3*s + y = 10, -2*s + 3*y = -0*s + 8. Let i(p) be the third derivative of p**4/8 - p**3/3 + 2*p**2. What is i(s)?
4
Let c(k) = -k**3 - 3*k**2 + 7*k + 3. Let h = 0 - 5. Calculate c(h).
18
Let s(c) = c**2 + 4*c + 3. Let a = -5 - -4. Let o = a + -2. Calculate s(o).
0
Let s be -3 - 3*(-8)/4. Let m(v) = -v - 9 + 7 - s. Give m(-3).
-2
Let q(v) = -2*v**2 + 4*v. Suppose 0*l + 4*l = 0. Suppose -3*w + 12 = -l*w. Suppose 5*n = -5*s - 10, w*s = -1 - 19. Give q(n).
-6
Let l(z) = 0*z**3 + 1 + z**3 + z**2 + 3. Let v(n) = -3*n - 9. Let u = -35 + 32. Let o be v(u). Give l(o).
4
Let f(b) = 4*b + 4. Let u be 3 - (8 - (-1)/(-2 - -1)). Determine f(u).
-12
Let m(s) = -3*s**3 - 2*s**2 + 1. Let v(z) = 4 + 3*z - 9*z - z**2 - 3. Let i be v(-5). Suppose -3*f + i*f = 3. Calculate m(f).
-4
Let n = -9 + 14. Suppose -n*j - 24 = 5*c + 11, -17 = -j + 5*c. Let a(r) be the third derivative of -r**4/12 - r**3/6 + 9*r**2. What is a(j)?
5
Let h(v) = -v**2 - v + 1. Let t be h(-2). Let j(z) = -3*z**3 - z**2 + 1. What is j(t)?
3
Let a(x) = -4*x + 3. Suppose -1 = r + v, -